{"id":1191,"date":"2020-06-07T21:03:08","date_gmt":"2020-06-07T21:03:08","guid":{"rendered":"https:\/\/ivetagr.org\/touriboost\/?page_id=1191"},"modified":"2020-10-30T14:58:31","modified_gmt":"2020-10-30T14:58:31","slug":"students","status":"publish","type":"page","link":"https:\/\/ivetagr.org\/touriboost\/the-mooc\/students\/","title":{"rendered":"STUDENTS"},"content":{"rendered":"\t\t<div data-elementor-type=\"wp-post\" data-elementor-id=\"1191\" class=\"elementor elementor-1191\" data-elementor-settings=\"[]\">\n\t\t\t\t\t\t<div class=\"elementor-inner\">\n\t\t\t\t\t\t\t<div class=\"elementor-section-wrap\">\n\t\t\t\t\t\t\t<section class=\"elementor-section elementor-top-section elementor-element elementor-element-234f48e elementor-section-height-min-height elementor-section-content-bottom elementor-section-boxed elementor-section-height-default elementor-section-items-middle\" data-id=\"234f48e\" data-element_type=\"section\" data-settings=\"{&quot;background_background&quot;:&quot;classic&quot;}\">\n\t\t\t\t\t\t\t<div class=\"elementor-background-overlay\"><\/div>\n\t\t\t\t\t\t\t<div class=\"elementor-container elementor-column-gap-default\">\n\t\t\t\t\t\t\t<div class=\"elementor-row\">\n\t\t\t\t\t<div class=\"elementor-column elementor-col-100 elementor-top-column elementor-element elementor-element-f100518\" data-id=\"f100518\" data-element_type=\"column\">\n\t\t\t<div class=\"elementor-column-wrap elementor-element-populated\">\n\t\t\t\t\t\t\t<div class=\"elementor-widget-wrap\">\n\t\t\t\t\t\t<div class=\"elementor-element elementor-element-c8f48e0 elementor-widget elementor-widget-ha-gradient-heading happy-addon ha-gradient-heading\" data-id=\"c8f48e0\" data-element_type=\"widget\" data-widget_type=\"ha-gradient-heading.default\">\n\t\t\t\t<div class=\"elementor-widget-container\">\n\t\t\t<h1 class=\"ha-gradient-heading\">students<\/h1>\t\t<\/div>\n\t\t\t\t<\/div>\n\t\t\t\t\t\t<\/div>\n\t\t\t\t\t<\/div>\n\t\t<\/div>\n\t\t\t\t\t\t\t\t<\/div>\n\t\t\t\t\t<\/div>\n\t\t<\/section>\n\t\t\t\t<section class=\"elementor-section elementor-top-section elementor-element elementor-element-9848b83 elementor-section-content-middle elementor-section-boxed elementor-section-height-default elementor-section-height-default\" data-id=\"9848b83\" data-element_type=\"section\">\n\t\t\t\t\t\t<div class=\"elementor-container elementor-column-gap-no\">\n\t\t\t\t\t\t\t<div class=\"elementor-row\">\n\t\t\t\t\t<div class=\"elementor-column elementor-col-50 elementor-top-column elementor-element elementor-element-2534562\" data-id=\"2534562\" data-element_type=\"column\">\n\t\t\t<div class=\"elementor-column-wrap elementor-element-populated\">\n\t\t\t\t\t\t\t<div class=\"elementor-widget-wrap\">\n\t\t\t\t\t\t<div class=\"elementor-element elementor-element-d508d8d elementor-view-default elementor-position-top elementor-vertical-align-top elementor-widget elementor-widget-icon-box\" data-id=\"d508d8d\" data-element_type=\"widget\" data-widget_type=\"icon-box.default\">\n\t\t\t\t<div class=\"elementor-widget-container\">\n\t\t\t\t\t<div class=\"elementor-icon-box-wrapper\">\n\t\t\t\t\t\t<div class=\"elementor-icon-box-icon\">\n\t\t\t\t<span class=\"elementor-icon elementor-animation-\" >\n\t\t\t\t<i aria-hidden=\"true\" class=\"hm hm-team-member\"><\/i>\t\t\t\t<\/span>\n\t\t\t<\/div>\n\t\t\t\t\t\t<div class=\"elementor-icon-box-content\">\n\t\t\t\t<h3 class=\"elementor-icon-box-title\">\n\t\t\t\t\t<span >List of MOOC students Necmettin Erbakan University and Koldolanyi Janos University<\/span>\n\t\t\t\t<\/h3>\n\t\t\t\t\t\t\t<\/div>\n\t\t<\/div>\n\t\t\t\t<\/div>\n\t\t\t\t<\/div>\n\t\t\t\t<div class=\"elementor-element elementor-element-ce2a387 elementor-widget-divider--view-line elementor-widget elementor-widget-divider\" data-id=\"ce2a387\" data-element_type=\"widget\" data-widget_type=\"divider.default\">\n\t\t\t\t<div class=\"elementor-widget-container\">\n\t\t\t\t\t<div class=\"elementor-divider\">\n\t\t\t<span class=\"elementor-divider-separator\">\n\t\t\t\t\t\t<\/span>\n\t\t<\/div>\n\t\t\t\t<\/div>\n\t\t\t\t<\/div>\n\t\t\t\t\t\t<\/div>\n\t\t\t\t\t<\/div>\n\t\t<\/div>\n\t\t\t\t<div class=\"elementor-column elementor-col-50 elementor-top-column elementor-element elementor-element-b28e4f5\" data-id=\"b28e4f5\" data-element_type=\"column\">\n\t\t\t<div class=\"elementor-column-wrap elementor-element-populated\">\n\t\t\t\t\t\t\t<div class=\"elementor-widget-wrap\">\n\t\t\t\t\t\t<div class=\"elementor-element elementor-element-90ce50e elementor-widget elementor-widget-text-editor\" data-id=\"90ce50e\" data-element_type=\"widget\" data-widget_type=\"text-editor.default\">\n\t\t\t\t<div class=\"elementor-widget-container\">\n\t\t\t\t\t<div class=\"elementor-text-editor elementor-clearfix\"><ol><li class=\"p1\"><strong>Cahit KARAKOK <\/strong>cahitkarakok@gmail.com<\/li><li class=\"p1\"><strong>Gizem YILMAZ<\/strong> gizem8279@gmail.com<\/li><li class=\"p1\"><strong>Serife Esra CICEK<\/strong> esracicek42@gmail.com<\/li><li class=\"p1\"><strong>Eren ISIK<\/strong> eren.ik771@gmail.com<\/li><li class=\"p1\"><strong>Muhammet Cetin<\/strong> muhammedcetin.571@gmail.com<\/li><li class=\"p1\"><strong>Elif Coban <\/strong>cizgiselelif@gmail.com<\/li><li class=\"p1\"><strong>Hatice Kubra Yasrin<\/strong> hkyasrin@gmail.com<\/li><li class=\"p1\"><strong>Bengisu Kartal<\/strong> bengisukaartall@gmail.com<\/li><li class=\"p1\"><strong>Tayyip Erdo\u011fan \u00d6z<\/strong> tayyipoz734@gmail.com<\/li><li class=\"p1\"><strong>Kader \u00d6rs<\/strong> kaderunuvarors@gmail.com<\/li><li class=\"p1\"><strong>R\u00fcmeysa Dilara \u00d6zkan<\/strong> rdilara064@gmail.com<\/li><li class=\"p1\"><strong>\u0130rem Ersoy <\/strong><span class=\"Apple-converted-space\"><strong>\u00a0<\/strong> <\/span>iersoy042@gmail.com<\/li><li class=\"p1\"><strong style=\"color: var( --e-global-color-text ); font-family: var( --e-global-typography-text-font-family );\">Abdiani Yama<\/strong><\/li><li class=\"p1\"><strong style=\"color: var( --e-global-color-text ); font-family: var( --e-global-typography-text-font-family );\">Aleksei Demin<\/strong><\/li><li class=\"p1\"><strong style=\"color: var( --e-global-color-text ); font-family: var( --e-global-typography-text-font-family );\">Ana Babashvili<\/strong><\/li><li class=\"p1\"><strong style=\"color: var( --e-global-color-text ); font-family: var( --e-global-typography-text-font-family );\">Danyal Muhammad<\/strong><\/li><li class=\"p1\"><strong style=\"color: var( --e-global-color-text ); font-family: var( --e-global-typography-text-font-family );\">Erdal Kaan Toprakkale<\/strong><\/li><li class=\"p1\"><strong style=\"color: var( --e-global-color-text ); font-family: var( --e-global-typography-text-font-family );\">Farasat Ali Wani<\/strong><\/li><li class=\"p1\"><strong style=\"color: var( --e-global-color-text ); font-family: var( --e-global-typography-text-font-family );\">F\u00fcl\u00f6p D\u00e1niel<\/strong><\/li><li class=\"p1\"><strong style=\"color: var( --e-global-color-text ); font-family: var( --e-global-typography-text-font-family );\">Haq Waqar Ul<\/strong><\/li><li class=\"p1\"><strong style=\"color: var( --e-global-color-text ); font-family: var( --e-global-typography-text-font-family );\">Hefk\u00f3 Franciska<\/strong><\/li><li class=\"p1\"><strong style=\"color: var( --e-global-color-text ); font-family: var( --e-global-typography-text-font-family );\">Ilaria Vena<\/strong><\/li><li class=\"p1\"><strong style=\"color: var( --e-global-color-text ); font-family: var( --e-global-typography-text-font-family );\">Lisa Rademakers<\/strong><\/li><li class=\"p1\"><strong style=\"color: var( --e-global-color-text ); font-family: var( --e-global-typography-text-font-family );\">Lola van Boekhout<\/strong><\/li><li class=\"p1\"><strong style=\"color: var( --e-global-color-text ); font-family: var( --e-global-typography-text-font-family );\">Maria Laura Cecere<\/strong><\/li><li class=\"p1\"><strong style=\"color: var( --e-global-color-text ); font-family: var( --e-global-typography-text-font-family );\">Md Mubarak Hossen<\/strong><\/li><li class=\"p1\"><strong style=\"color: var( --e-global-color-text ); font-family: var( --e-global-typography-text-font-family );\">Mia Md Rashel<\/strong><\/li><li class=\"p1\"><strong style=\"color: var( --e-global-color-text ); font-family: var( --e-global-typography-text-font-family );\">Nazir Nelson<\/strong><\/li><li class=\"p1\"><strong style=\"color: var( --e-global-color-text ); font-family: var( --e-global-typography-text-font-family );\">\u00d6znur Kursun<\/strong><\/li><li class=\"p1\"><strong style=\"color: var( --e-global-color-text ); font-family: var( --e-global-typography-text-font-family );\">Rahat Mirajul Islam<\/strong><\/li><li class=\"p1\"><strong style=\"color: var( --e-global-color-text ); font-family: var( --e-global-typography-text-font-family );\">Raj Md Saidul Islam<\/strong><\/li><li class=\"p1\"><strong style=\"color: var( --e-global-color-text ); font-family: var( --e-global-typography-text-font-family );\">Saad Muhammad Adil<\/strong><\/li><li class=\"p1\"><strong style=\"color: var( --e-global-color-text ); font-family: var( --e-global-typography-text-font-family );\">Selver \u00d6nelke<\/strong><\/li><li class=\"p1\"><strong style=\"color: var( --e-global-color-text ); font-family: var( --e-global-typography-text-font-family );\">Singh Charanjeet<\/strong><\/li><li class=\"p1\"><strong style=\"color: var( --e-global-color-text ); font-family: var( --e-global-typography-text-font-family );\">Syed Nabeel<\/strong><\/li><li class=\"p1\"><strong style=\"color: var( --e-global-color-text ); font-family: var( --e-global-typography-text-font-family );\">V\u00e1rkonyi S\u00e1ra<\/strong><\/li><li class=\"p1\"><strong style=\"color: var( --e-global-color-text ); font-family: var( --e-global-typography-text-font-family );\">Vivian Findeisen<\/strong><\/li><li class=\"p1\"><strong style=\"color: var( --e-global-color-text ); font-family: var( --e-global-typography-text-font-family );\">Vovchik Pavel<\/strong><\/li><\/ol><\/div>\n\t\t\t\t<\/div>\n\t\t\t\t<\/div>\n\t\t\t\t\t\t<\/div>\n\t\t\t\t\t<\/div>\n\t\t<\/div>\n\t\t\t\t\t\t\t\t<\/div>\n\t\t\t\t\t<\/div>\n\t\t<\/section>\n\t\t\t\t\t\t<\/div>\n\t\t\t\t\t\t<\/div>\n\t\t\t\t\t<\/div>\n\t\t","protected":false},"excerpt":{"rendered":"<p>students List of MOOC students Necmettin Erbakan University and Koldolanyi Janos University Cahit KARAKOK cahitkarakok@gmail.com Gizem YILMAZ gizem8279@gmail.com Serife Esra CICEK esracicek42@gmail.com Eren ISIK eren.ik771@gmail.com Muhammet Cetin muhammedcetin.571@gmail.com Elif Coban cizgiselelif@gmail.com Hatice Kubra Yasrin hkyasrin@gmail.com Bengisu Kartal bengisukaartall@gmail.com Tayyip Erdo\u011fan \u00d6z tayyipoz734@gmail.com Kader \u00d6rs kaderunuvarors@gmail.com R\u00fcmeysa Dilara \u00d6zkan rdilara064@gmail.com \u0130rem Ersoy \u00a0 iersoy042@gmail.com Abdiani Yama [&hellip;]<\/p>\n","protected":false},"author":1,"featured_media":0,"parent":747,"menu_order":0,"comment_status":"closed","ping_status":"closed","template":"","meta":[],"_links":{"self":[{"href":"https:\/\/ivetagr.org\/touriboost\/wp-json\/wp\/v2\/pages\/1191"}],"collection":[{"href":"https:\/\/ivetagr.org\/touriboost\/wp-json\/wp\/v2\/pages"}],"about":[{"href":"https:\/\/ivetagr.org\/touriboost\/wp-json\/wp\/v2\/types\/page"}],"author":[{"embeddable":true,"href":"https:\/\/ivetagr.org\/touriboost\/wp-json\/wp\/v2\/users\/1"}],"replies":[{"embeddable":true,"href":"https:\/\/ivetagr.org\/touriboost\/wp-json\/wp\/v2\/comments?post=1191"}],"version-history":[{"count":10,"href":"https:\/\/ivetagr.org\/touriboost\/wp-json\/wp\/v2\/pages\/1191\/revisions"}],"predecessor-version":[{"id":1832,"href":"https:\/\/ivetagr.org\/touriboost\/wp-json\/wp\/v2\/pages\/1191\/revisions\/1832"}],"up":[{"embeddable":true,"href":"https:\/\/ivetagr.org\/touriboost\/wp-json\/wp\/v2\/pages\/747"}],"wp:attachment":[{"href":"https:\/\/ivetagr.org\/touriboost\/wp-json\/wp\/v2\/media?parent=1191"}],"curies":[{"name":"wp","href":"https:\/\/api.w.org\/{rel}","templated":true}]}}