{"id":315,"date":"2019-02-16T07:02:41","date_gmt":"2019-02-16T07:02:41","guid":{"rendered":"https:\/\/ivetagr.org\/touriboost\/?page_id=315"},"modified":"2019-06-17T12:19:27","modified_gmt":"2019-06-17T12:19:27","slug":"the_project","status":"publish","type":"page","link":"https:\/\/ivetagr.org\/touriboost\/the_project\/","title":{"rendered":"THE_PROJECT"},"content":{"rendered":"\t\t<div data-elementor-type=\"wp-post\" data-elementor-id=\"315\" class=\"elementor elementor-315\" data-elementor-settings=\"[]\">\n\t\t\t\t\t\t<div class=\"elementor-inner\">\n\t\t\t\t\t\t\t<div class=\"elementor-section-wrap\">\n\t\t\t\t\t\t\t<section class=\"elementor-section elementor-top-section elementor-element elementor-element-da99b8c elementor-section-boxed elementor-section-height-default elementor-section-height-default\" data-id=\"da99b8c\" data-element_type=\"section\">\n\t\t\t\t\t\t<div class=\"elementor-container elementor-column-gap-default\">\n\t\t\t\t\t\t\t<div class=\"elementor-row\">\n\t\t\t\t\t<div class=\"elementor-column elementor-col-100 elementor-top-column elementor-element elementor-element-58771c2\" data-id=\"58771c2\" data-element_type=\"column\">\n\t\t\t<div class=\"elementor-column-wrap elementor-element-populated\">\n\t\t\t\t\t\t\t<div class=\"elementor-widget-wrap\">\n\t\t\t\t\t\t<div class=\"elementor-element elementor-element-9af3754 elementor-widget elementor-widget-heading\" data-id=\"9af3754\" data-element_type=\"widget\" data-widget_type=\"heading.default\">\n\t\t\t\t<div class=\"elementor-widget-container\">\n\t\t\t<h3 class=\"elementor-heading-title elementor-size-default\">THE PROJECT<\/h3>\t\t<\/div>\n\t\t\t\t<\/div>\n\t\t\t\t<div class=\"elementor-element elementor-element-05543fa elementor-widget elementor-widget-text-editor\" data-id=\"05543fa\" data-element_type=\"widget\" data-widget_type=\"text-editor.default\">\n\t\t\t\t<div class=\"elementor-widget-container\">\n\t\t\t\t\t<div class=\"elementor-text-editor elementor-clearfix\"><p>Fully in accordance with the EU2020 Grand Societal Challenges, <a href=\"https:\/\/europa.eu\/cultural-heritage\/european-year-cultural-heritage_en\"><b>the<\/b> <b>European Heritage Year 2018<\/b><\/a>, the New Narrative for Europe (<b><a href=\"https:\/\/www.nnfe.eu\/\">https:\/\/www.nnfe.eu\/<\/a><\/b>) the TR2023 Development Strategy and the ERASMUS+ Objectives for Higher Education, <b>TOURiBOOST is re-orienting tourism education with digital, social and intercultural competences to support local stakeholders tackle strategic innovation in heritage tourism.<\/b><\/p><\/div>\n\t\t\t\t<\/div>\n\t\t\t\t<\/div>\n\t\t\t\t<div class=\"elementor-element elementor-element-e09c25c elementor-widget elementor-widget-image\" data-id=\"e09c25c\" data-element_type=\"widget\" data-widget_type=\"image.default\">\n\t\t\t\t<div class=\"elementor-widget-container\">\n\t\t\t\t\t<div class=\"elementor-image\">\n\t\t\t\t\t\t\t\t\t\t<img width=\"1024\" height=\"311\" src=\"https:\/\/ivetagr.org\/touriboost\/wp-content\/uploads\/2019\/02\/thaddaeus-lim-40021-unsplash-2-1024x311.jpg\" class=\"attachment-large size-large\" alt=\"\" loading=\"lazy\" srcset=\"https:\/\/ivetagr.org\/touriboost\/wp-content\/uploads\/2019\/02\/thaddaeus-lim-40021-unsplash-2-1024x311.jpg 1024w, https:\/\/ivetagr.org\/touriboost\/wp-content\/uploads\/2019\/02\/thaddaeus-lim-40021-unsplash-2-300x91.jpg 300w, https:\/\/ivetagr.org\/touriboost\/wp-content\/uploads\/2019\/02\/thaddaeus-lim-40021-unsplash-2-768x233.jpg 768w, https:\/\/ivetagr.org\/touriboost\/wp-content\/uploads\/2019\/02\/thaddaeus-lim-40021-unsplash-2.jpg 2048w\" sizes=\"(max-width: 1024px) 100vw, 1024px\" \/>\t\t\t\t\t\t\t\t\t\t\t<\/div>\n\t\t\t\t<\/div>\n\t\t\t\t<\/div>\n\t\t\t\t\t\t<\/div>\n\t\t\t\t\t<\/div>\n\t\t<\/div>\n\t\t\t\t\t\t\t\t<\/div>\n\t\t\t\t\t<\/div>\n\t\t<\/section>\n\t\t\t\t<section class=\"elementor-section elementor-top-section elementor-element elementor-element-2c2493f elementor-section-boxed elementor-section-height-default elementor-section-height-default\" data-id=\"2c2493f\" data-element_type=\"section\">\n\t\t\t\t\t\t<div class=\"elementor-container elementor-column-gap-wider\">\n\t\t\t\t\t\t\t<div class=\"elementor-row\">\n\t\t\t\t\t<div class=\"elementor-column elementor-col-50 elementor-top-column elementor-element elementor-element-be0aa54\" data-id=\"be0aa54\" data-element_type=\"column\" data-settings=\"{&quot;background_background&quot;:&quot;classic&quot;}\">\n\t\t\t<div class=\"elementor-column-wrap elementor-element-populated\">\n\t\t\t\t\t\t\t<div class=\"elementor-widget-wrap\">\n\t\t\t\t\t\t<div class=\"elementor-element elementor-element-fa7df0a elementor-widget elementor-widget-text-editor\" data-id=\"fa7df0a\" data-element_type=\"widget\" data-widget_type=\"text-editor.default\">\n\t\t\t\t<div class=\"elementor-widget-container\">\n\t\t\t\t\t<div class=\"elementor-text-editor elementor-clearfix\"><p><span style=\"font-weight: bold; text-align: justify;\">TOURiBOOST<\/span><span style=\"text-align: justify;\">\u00a0establishes long lasting partnerships in<\/span><span style=\"font-weight: bold; text-align: justify;\">\u00a06 EU\/TR regions (TR52\/TR100\/HU101\/ NL321\/ITD55\/EL41)<\/span><span style=\"text-align: justify;\">, to upgrade heritage based offers for new investment opportunities in heritage tourism adhering to the rising force of the Cultural and Creative Industries (CCI). The Transnational Partnership fosters tourism entrepreneurship exploiting the rising powers of the CCI to communicate heritage places to the connected consumer market. Challenges, the tourism sector faces with existing services, are matched with new skills for new jobs by addressing the new world order of Audiovisual Media Services (EU AVMSD\/2016). 30 small\/ micro enterprises in tourism are mentored that they grow in the regional\/national\/international context and enhance their competitiveness through the rise of 136 skilled workers.<\/span><\/p><\/div>\n\t\t\t\t<\/div>\n\t\t\t\t<\/div>\n\t\t\t\t\t\t<\/div>\n\t\t\t\t\t<\/div>\n\t\t<\/div>\n\t\t\t\t<div class=\"elementor-column elementor-col-50 elementor-top-column elementor-element elementor-element-8dd5106\" data-id=\"8dd5106\" data-element_type=\"column\" data-settings=\"{&quot;background_background&quot;:&quot;classic&quot;}\">\n\t\t\t<div class=\"elementor-column-wrap elementor-element-populated\">\n\t\t\t\t\t\t\t<div class=\"elementor-widget-wrap\">\n\t\t\t\t\t\t<div class=\"elementor-element elementor-element-9a8b48c elementor-widget elementor-widget-text-editor\" data-id=\"9a8b48c\" data-element_type=\"widget\" data-widget_type=\"text-editor.default\">\n\t\t\t\t<div class=\"elementor-widget-container\">\n\t\t\t\t\t<div class=\"elementor-text-editor elementor-clearfix\"><p><span style=\"font-weight: bold; text-align: justify;\">TOURiBOOST<\/span><span style=\"text-align: justify;\">\u00a0builds an unprecedented opportunity to terminate the vicious circle of generating and distributing low quality tourism commodities exchangeable by price: a methodological framework assists capacity building of 136 tourism stakeholders, who apply project-based learning in TR52\/TR100\/HU101\/NL321\/ITD55\/EL41, to engage in tourism innovation. Thus culture-driven consumption is advanced across the Project Area and beyond by communicating cultural values, from natural monuments and ecosystems to sites and collections, from the arts to traditions and handicrafts inspiring new forms of cultural consumption, and skilling young professionals into the management of heritage.<\/span>.<\/p><\/div>\n\t\t\t\t<\/div>\n\t\t\t\t<\/div>\n\t\t\t\t\t\t<\/div>\n\t\t\t\t\t<\/div>\n\t\t<\/div>\n\t\t\t\t\t\t\t\t<\/div>\n\t\t\t\t\t<\/div>\n\t\t<\/section>\n\t\t\t\t<section class=\"elementor-section elementor-top-section elementor-element elementor-element-983f48f elementor-section-boxed elementor-section-height-default elementor-section-height-default\" data-id=\"983f48f\" data-element_type=\"section\">\n\t\t\t\t\t\t<div class=\"elementor-container elementor-column-gap-default\">\n\t\t\t\t\t\t\t<div class=\"elementor-row\">\n\t\t\t\t\t<div class=\"elementor-column elementor-col-100 elementor-top-column elementor-element elementor-element-9bb6b04\" data-id=\"9bb6b04\" data-element_type=\"column\">\n\t\t\t<div class=\"elementor-column-wrap elementor-element-populated\">\n\t\t\t\t\t\t\t<div class=\"elementor-widget-wrap\">\n\t\t\t\t\t\t<div class=\"elementor-element elementor-element-335c2bd elementor-widget elementor-widget-text-editor\" data-id=\"335c2bd\" data-element_type=\"widget\" data-widget_type=\"text-editor.default\">\n\t\t\t\t<div class=\"elementor-widget-container\">\n\t\t\t\t\t<div class=\"elementor-text-editor elementor-clearfix\"><div class=\"page\" title=\"Page 1\"><div class=\"section\"><div class=\"layoutArea\"><div class=\"column\"><p>To prevent brain drain and effectively address the skills gaps tourism stakeholders and SMEs are facing, skills needs and supply-demand trends are mapped transforming the teaching\/ learning practice in Higher Education, while tourism employers are assisted in recruiting and retaining talents at local level. A new skills-mindset is inducing business sophistication with business models built on customer insights, key experiences and stakeholder participation integrating transversal key competences into the product-process innovation.<\/p><p>The Partnership perceives the 2020 Grand Societal Challenges as a new force to design and deliver the new high quality tourism experience that supports the extroversion of heritage places and trains tourism stakeholders to understand the socio-economic potential of heritage. The Partnership defines culture-based solutions for community-led development, market opportunities and facilitates 6 new investments in heritage tourism putting the cultural heritage experience into the heart of tourism reform in the Project Area and beyond.<\/p><\/div><\/div><\/div><\/div><\/div>\n\t\t\t\t<\/div>\n\t\t\t\t<\/div>\n\t\t\t\t\t\t<\/div>\n\t\t\t\t\t<\/div>\n\t\t<\/div>\n\t\t\t\t\t\t\t\t<\/div>\n\t\t\t\t\t<\/div>\n\t\t<\/section>\n\t\t\t\t<section class=\"elementor-section elementor-top-section elementor-element elementor-element-5aee4b6 elementor-section-boxed elementor-section-height-default elementor-section-height-default\" data-id=\"5aee4b6\" data-element_type=\"section\" data-settings=\"{&quot;background_background&quot;:&quot;classic&quot;}\">\n\t\t\t\t\t\t<div class=\"elementor-container elementor-column-gap-default\">\n\t\t\t\t\t\t\t<div class=\"elementor-row\">\n\t\t\t\t\t<div class=\"elementor-column elementor-col-100 elementor-top-column elementor-element elementor-element-eb5f2ca\" data-id=\"eb5f2ca\" data-element_type=\"column\" data-settings=\"{&quot;background_background&quot;:&quot;classic&quot;}\">\n\t\t\t<div class=\"elementor-column-wrap elementor-element-populated\">\n\t\t\t\t\t\t\t<div class=\"elementor-widget-wrap\">\n\t\t\t\t\t\t<div class=\"elementor-element elementor-element-423787f elementor-widget elementor-widget-text-editor\" data-id=\"423787f\" data-element_type=\"widget\" data-widget_type=\"text-editor.default\">\n\t\t\t\t<div class=\"elementor-widget-container\">\n\t\t\t\t\t<div class=\"elementor-text-editor elementor-clearfix\"><div class=\"page\" title=\"Page 1\"><div class=\"section\"><div class=\"layoutArea\"><div class=\"column\"><p><b>TOURiBOOST<\/b> incorporates heritage education into upskilling pathway of Higher Education in tourism. The innovation is guiding professionals to further develop exceptional experiences at heritage places and connect offers to global markets transforming the product-buyer into a product-seller. Novel skills acquired are certified according to the European Qualification Framework (EQF) to support 136 local stakeholders access key tourism markets and invest in heritage tourism. In this way a novel cultural consumption pattern is launched in the Project Area: it is communicating cultural values to visitors and users impacting consumer choices at heritage places.<\/p><\/div><\/div><\/div><\/div><\/div>\n\t\t\t\t<\/div>\n\t\t\t\t<\/div>\n\t\t\t\t\t\t<\/div>\n\t\t\t\t\t<\/div>\n\t\t<\/div>\n\t\t\t\t\t\t\t\t<\/div>\n\t\t\t\t\t<\/div>\n\t\t<\/section>\n\t\t\t\t<section class=\"elementor-section elementor-top-section elementor-element elementor-element-48efa83 elementor-section-boxed elementor-section-height-default elementor-section-height-default\" data-id=\"48efa83\" data-element_type=\"section\">\n\t\t\t\t\t\t<div class=\"elementor-container elementor-column-gap-default\">\n\t\t\t\t\t\t\t<div class=\"elementor-row\">\n\t\t\t\t\t<div class=\"elementor-column elementor-col-100 elementor-top-column elementor-element elementor-element-45166e7\" data-id=\"45166e7\" data-element_type=\"column\">\n\t\t\t<div class=\"elementor-column-wrap elementor-element-populated\">\n\t\t\t\t\t\t\t<div class=\"elementor-widget-wrap\">\n\t\t\t\t\t\t<div class=\"elementor-element elementor-element-a710feb elementor-widget elementor-widget-text-editor\" data-id=\"a710feb\" data-element_type=\"widget\" data-widget_type=\"text-editor.default\">\n\t\t\t\t<div class=\"elementor-widget-container\">\n\t\t\t\t\t<div class=\"elementor-text-editor elementor-clearfix\"><div class=\"page\" title=\"Page 1\"><div class=\"section\"><div class=\"layoutArea\"><div class=\"column\"><p><span style=\"font-weight: bold;\">TOURiBOOST<\/span>\u00a0is challenging the traditional tourism generation by remodeling supply-demand at places with natural and cultural significance. Meeting market needs for authentic experiences, the desire for cultural capital and environmental protection, a new cultural mobility is launched in the Project Area: the ATTRACTION CLUSTER, a unique multimodal tourism product-service set with 30 selling points in the Project Area is connecting the technology- intense experience with onsite authenticity to let supply-demand converge and combat seasonality.<\/p><p>Cross-sectoral cooperation and post-project operation are ensured through the Project-driven statutory Association <b>SMART SKILLS OBSERVATORY<\/b> with five branches in TR\/HU\/NL\/IT\/GR, which inherits the PROJECT LEGACY with a highly transferable training infrastructure for tourism with 42 durable training tools. In this way the continuation of works, sales-distribution in 30 heritage places in the Project area, business extroversion and further funding are ensured by highly skilled workers implementing and selling new customized heritage tourism services being interconnected at (g)local level.<\/p><\/div><\/div><\/div><\/div><\/div>\n\t\t\t\t<\/div>\n\t\t\t\t<\/div>\n\t\t\t\t\t\t<\/div>\n\t\t\t\t\t<\/div>\n\t\t<\/div>\n\t\t\t\t\t\t\t\t<\/div>\n\t\t\t\t\t<\/div>\n\t\t<\/section>\n\t\t\t\t<section class=\"elementor-section elementor-top-section elementor-element elementor-element-4ff95bb elementor-section-boxed elementor-section-height-default elementor-section-height-default\" data-id=\"4ff95bb\" data-element_type=\"section\" data-settings=\"{&quot;background_background&quot;:&quot;classic&quot;}\">\n\t\t\t\t\t\t<div class=\"elementor-container elementor-column-gap-default\">\n\t\t\t\t\t\t\t<div class=\"elementor-row\">\n\t\t\t\t\t<div class=\"elementor-column elementor-col-100 elementor-top-column elementor-element elementor-element-04e1000\" data-id=\"04e1000\" data-element_type=\"column\">\n\t\t\t<div class=\"elementor-column-wrap elementor-element-populated\">\n\t\t\t\t\t\t\t<div class=\"elementor-widget-wrap\">\n\t\t\t\t\t\t<div class=\"elementor-element elementor-element-02923d3 elementor-widget elementor-widget-heading\" data-id=\"02923d3\" data-element_type=\"widget\" data-widget_type=\"heading.default\">\n\t\t\t\t<div class=\"elementor-widget-container\">\n\t\t\t<h3 class=\"elementor-heading-title elementor-size-default\">PARTNERS<\/h3>\t\t<\/div>\n\t\t\t\t<\/div>\n\t\t\t\t<section class=\"elementor-section elementor-inner-section elementor-element elementor-element-42bde58 elementor-section-boxed elementor-section-height-default elementor-section-height-default\" data-id=\"42bde58\" data-element_type=\"section\">\n\t\t\t\t\t\t<div class=\"elementor-container elementor-column-gap-default\">\n\t\t\t\t\t\t\t<div class=\"elementor-row\">\n\t\t\t\t\t<div class=\"elementor-column elementor-col-33 elementor-inner-column elementor-element elementor-element-452fc8b\" data-id=\"452fc8b\" data-element_type=\"column\">\n\t\t\t<div class=\"elementor-column-wrap elementor-element-populated\">\n\t\t\t\t\t\t\t<div class=\"elementor-widget-wrap\">\n\t\t\t\t\t\t<div class=\"elementor-element elementor-element-4902e74 elementor-position-top elementor-vertical-align-top elementor-widget elementor-widget-image-box\" data-id=\"4902e74\" data-element_type=\"widget\" data-widget_type=\"image-box.default\">\n\t\t\t\t<div class=\"elementor-widget-container\">\n\t\t\t<div class=\"elementor-image-box-wrapper\"><figure class=\"elementor-image-box-img\"><a href=\"https:\/\/www.erbakan.edu.tr\" target=\"_blank\"><img width=\"300\" height=\"300\" src=\"https:\/\/ivetagr.org\/touriboost\/wp-content\/uploads\/2019\/06\/footer-logo.png\" class=\"attachment-full size-full\" alt=\"\" loading=\"lazy\" srcset=\"https:\/\/ivetagr.org\/touriboost\/wp-content\/uploads\/2019\/06\/footer-logo.png 300w, https:\/\/ivetagr.org\/touriboost\/wp-content\/uploads\/2019\/06\/footer-logo-150x150.png 150w\" sizes=\"(max-width: 300px) 100vw, 300px\" \/><\/a><\/figure><div class=\"elementor-image-box-content\"><p class=\"elementor-image-box-description\">Necmettin Erbakan \u00dcniversitesi<\/p><\/div><\/div>\t\t<\/div>\n\t\t\t\t<\/div>\n\t\t\t\t\t\t<\/div>\n\t\t\t\t\t<\/div>\n\t\t<\/div>\n\t\t\t\t<div class=\"elementor-column elementor-col-33 elementor-inner-column elementor-element elementor-element-548aef1\" data-id=\"548aef1\" data-element_type=\"column\">\n\t\t\t<div class=\"elementor-column-wrap elementor-element-populated\">\n\t\t\t\t\t\t\t<div class=\"elementor-widget-wrap\">\n\t\t\t\t\t\t<div class=\"elementor-element elementor-element-06ffe1e elementor-vertical-align-bottom elementor-position-top elementor-widget elementor-widget-image-box\" data-id=\"06ffe1e\" data-element_type=\"widget\" data-widget_type=\"image-box.default\">\n\t\t\t\t<div class=\"elementor-widget-container\">\n\t\t\t<div class=\"elementor-image-box-wrapper\"><figure class=\"elementor-image-box-img\"><a href=\"https:\/\/www.tursab.org.tr\" target=\"_blank\"><img width=\"590\" height=\"354\" src=\"https:\/\/ivetagr.org\/touriboost\/wp-content\/uploads\/2019\/06\/tursab-logo.jpg\" class=\"attachment-full size-full\" alt=\"\" loading=\"lazy\" srcset=\"https:\/\/ivetagr.org\/touriboost\/wp-content\/uploads\/2019\/06\/tursab-logo.jpg 590w, https:\/\/ivetagr.org\/touriboost\/wp-content\/uploads\/2019\/06\/tursab-logo-300x180.jpg 300w\" sizes=\"(max-width: 590px) 100vw, 590px\" \/><\/a><\/figure><div class=\"elementor-image-box-content\"><p class=\"elementor-image-box-description\">T\u00dcRSAB T\u00fcrkiye Seyahat Acentalar\u0131 Birli\u011fi<\/p><\/div><\/div>\t\t<\/div>\n\t\t\t\t<\/div>\n\t\t\t\t\t\t<\/div>\n\t\t\t\t\t<\/div>\n\t\t<\/div>\n\t\t\t\t<div class=\"elementor-column elementor-col-33 elementor-inner-column elementor-element elementor-element-f965040\" data-id=\"f965040\" data-element_type=\"column\">\n\t\t\t<div class=\"elementor-column-wrap elementor-element-populated\">\n\t\t\t\t\t\t\t<div class=\"elementor-widget-wrap\">\n\t\t\t\t\t\t<div class=\"elementor-element elementor-element-c38a376 elementor-position-top elementor-vertical-align-top elementor-widget elementor-widget-image-box\" data-id=\"c38a376\" data-element_type=\"widget\" data-widget_type=\"image-box.default\">\n\t\t\t\t<div class=\"elementor-widget-container\">\n\t\t\t<div class=\"elementor-image-box-wrapper\"><figure class=\"elementor-image-box-img\"><a href=\"http:\/\/primeholland.org\" target=\"_blank\"><img width=\"299\" height=\"128\" src=\"https:\/\/ivetagr.org\/touriboost\/wp-content\/uploads\/2019\/06\/prime-stichting2-299x128.png\" class=\"attachment-full size-full\" alt=\"\" loading=\"lazy\" \/><\/a><\/figure><div class=\"elementor-image-box-content\"><p class=\"elementor-image-box-description\">Prime Holland<\/p><\/div><\/div>\t\t<\/div>\n\t\t\t\t<\/div>\n\t\t\t\t\t\t<\/div>\n\t\t\t\t\t<\/div>\n\t\t<\/div>\n\t\t\t\t\t\t\t\t<\/div>\n\t\t\t\t\t<\/div>\n\t\t<\/section>\n\t\t\t\t<section class=\"elementor-section elementor-inner-section elementor-element elementor-element-00920fc elementor-section-boxed elementor-section-height-default elementor-section-height-default\" data-id=\"00920fc\" data-element_type=\"section\">\n\t\t\t\t\t\t<div class=\"elementor-container elementor-column-gap-default\">\n\t\t\t\t\t\t\t<div class=\"elementor-row\">\n\t\t\t\t\t<div class=\"elementor-column elementor-col-33 elementor-inner-column elementor-element elementor-element-230fa6d\" data-id=\"230fa6d\" data-element_type=\"column\">\n\t\t\t<div class=\"elementor-column-wrap elementor-element-populated\">\n\t\t\t\t\t\t\t<div class=\"elementor-widget-wrap\">\n\t\t\t\t\t\t<div class=\"elementor-element elementor-element-7fa7148 elementor-vertical-align-bottom elementor-position-top elementor-widget elementor-widget-image-box\" data-id=\"7fa7148\" data-element_type=\"widget\" data-widget_type=\"image-box.default\">\n\t\t\t\t<div class=\"elementor-widget-container\">\n\t\t\t<div class=\"elementor-image-box-wrapper\"><figure class=\"elementor-image-box-img\"><a href=\"http:\/\/edu.kodolanyi.hu\" target=\"_blank\"><img width=\"5553\" height=\"2010\" src=\"https:\/\/ivetagr.org\/touriboost\/wp-content\/uploads\/2019\/06\/KJE_logo_allo_RGB_ENG_EDU.KODOLANYI.png\" class=\"attachment-full size-full\" alt=\"\" loading=\"lazy\" srcset=\"https:\/\/ivetagr.org\/touriboost\/wp-content\/uploads\/2019\/06\/KJE_logo_allo_RGB_ENG_EDU.KODOLANYI.png 5553w, https:\/\/ivetagr.org\/touriboost\/wp-content\/uploads\/2019\/06\/KJE_logo_allo_RGB_ENG_EDU.KODOLANYI-300x109.png 300w, https:\/\/ivetagr.org\/touriboost\/wp-content\/uploads\/2019\/06\/KJE_logo_allo_RGB_ENG_EDU.KODOLANYI-768x278.png 768w, https:\/\/ivetagr.org\/touriboost\/wp-content\/uploads\/2019\/06\/KJE_logo_allo_RGB_ENG_EDU.KODOLANYI-1024x371.png 1024w\" sizes=\"(max-width: 5553px) 100vw, 5553px\" \/><\/a><\/figure><div class=\"elementor-image-box-content\"><p class=\"elementor-image-box-description\">Kodolanyi Janos University<\/p><\/div><\/div>\t\t<\/div>\n\t\t\t\t<\/div>\n\t\t\t\t\t\t<\/div>\n\t\t\t\t\t<\/div>\n\t\t<\/div>\n\t\t\t\t<div class=\"elementor-column elementor-col-33 elementor-inner-column elementor-element elementor-element-84c602e\" data-id=\"84c602e\" data-element_type=\"column\">\n\t\t\t<div class=\"elementor-column-wrap elementor-element-populated\">\n\t\t\t\t\t\t\t<div class=\"elementor-widget-wrap\">\n\t\t\t\t\t\t<div class=\"elementor-element elementor-element-9b2c5d3 elementor-position-top elementor-vertical-align-top elementor-widget elementor-widget-image-box\" data-id=\"9b2c5d3\" data-element_type=\"widget\" data-widget_type=\"image-box.default\">\n\t\t\t\t<div class=\"elementor-widget-container\">\n\t\t\t<div class=\"elementor-image-box-wrapper\"><figure class=\"elementor-image-box-img\"><a href=\"http:\/\/www.progettareineuropa.com\/en\/homepage\/\" target=\"_blank\"><img width=\"292\" height=\"192\" src=\"https:\/\/ivetagr.org\/touriboost\/wp-content\/uploads\/2019\/06\/logo-ineuropa-sito1.png\" class=\"attachment-full size-full\" alt=\"\" loading=\"lazy\" \/><\/a><\/figure><div class=\"elementor-image-box-content\"><p class=\"elementor-image-box-description\">InEuropa<\/p><\/div><\/div>\t\t<\/div>\n\t\t\t\t<\/div>\n\t\t\t\t\t\t<\/div>\n\t\t\t\t\t<\/div>\n\t\t<\/div>\n\t\t\t\t<div class=\"elementor-column elementor-col-33 elementor-inner-column elementor-element elementor-element-1d5dada\" data-id=\"1d5dada\" data-element_type=\"column\">\n\t\t\t<div class=\"elementor-column-wrap elementor-element-populated\">\n\t\t\t\t\t\t\t<div class=\"elementor-widget-wrap\">\n\t\t\t\t\t\t<div class=\"elementor-element elementor-element-637d5d9 elementor-position-top elementor-vertical-align-top elementor-widget elementor-widget-image-box\" data-id=\"637d5d9\" data-element_type=\"widget\" data-widget_type=\"image-box.default\">\n\t\t\t\t<div class=\"elementor-widget-container\">\n\t\t\t<div class=\"elementor-image-box-wrapper\"><figure class=\"elementor-image-box-img\"><a href=\"https:\/\/www.artifactory.eu\" target=\"_blank\"><img width=\"312\" height=\"198\" src=\"https:\/\/ivetagr.org\/touriboost\/wp-content\/uploads\/2019\/06\/Capture-2019-06-02-a-las-9.34.18.png\" class=\"attachment-full size-full\" alt=\"\" loading=\"lazy\" srcset=\"https:\/\/ivetagr.org\/touriboost\/wp-content\/uploads\/2019\/06\/Capture-2019-06-02-a-las-9.34.18.png 312w, https:\/\/ivetagr.org\/touriboost\/wp-content\/uploads\/2019\/06\/Capture-2019-06-02-a-las-9.34.18-300x190.png 300w\" sizes=\"(max-width: 312px) 100vw, 312px\" \/><\/a><\/figure><div class=\"elementor-image-box-content\"><p class=\"elementor-image-box-description\">Artifactory<\/p><\/div><\/div>\t\t<\/div>\n\t\t\t\t<\/div>\n\t\t\t\t\t\t<\/div>\n\t\t\t\t\t<\/div>\n\t\t<\/div>\n\t\t\t\t\t\t\t\t<\/div>\n\t\t\t\t\t<\/div>\n\t\t<\/section>\n\t\t\t\t\t\t<\/div>\n\t\t\t\t\t<\/div>\n\t\t<\/div>\n\t\t\t\t\t\t\t\t<\/div>\n\t\t\t\t\t<\/div>\n\t\t<\/section>\n\t\t\t\t\t\t<\/div>\n\t\t\t\t\t\t<\/div>\n\t\t\t\t\t<\/div>\n\t\t","protected":false},"excerpt":{"rendered":"<p>THE PROJECT Fully in accordance with the EU2020 Grand Societal Challenges, the European Heritage Year 2018, the New Narrative for Europe (https:\/\/www.nnfe.eu\/) the TR2023 Development Strategy and the ERASMUS+ Objectives for Higher Education, TOURiBOOST is re-orienting tourism education with digital, social and intercultural competences to support local stakeholders tackle strategic innovation in heritage tourism. TOURiBOOST\u00a0establishes [&hellip;]<\/p>\n","protected":false},"author":1,"featured_media":0,"parent":0,"menu_order":0,"comment_status":"closed","ping_status":"closed","template":"","meta":[],"_links":{"self":[{"href":"https:\/\/ivetagr.org\/touriboost\/wp-json\/wp\/v2\/pages\/315"}],"collection":[{"href":"https:\/\/ivetagr.org\/touriboost\/wp-json\/wp\/v2\/pages"}],"about":[{"href":"https:\/\/ivetagr.org\/touriboost\/wp-json\/wp\/v2\/types\/page"}],"author":[{"embeddable":true,"href":"https:\/\/ivetagr.org\/touriboost\/wp-json\/wp\/v2\/users\/1"}],"replies":[{"embeddable":true,"href":"https:\/\/ivetagr.org\/touriboost\/wp-json\/wp\/v2\/comments?post=315"}],"version-history":[{"count":38,"href":"https:\/\/ivetagr.org\/touriboost\/wp-json\/wp\/v2\/pages\/315\/revisions"}],"predecessor-version":[{"id":1114,"href":"https:\/\/ivetagr.org\/touriboost\/wp-json\/wp\/v2\/pages\/315\/revisions\/1114"}],"wp:attachment":[{"href":"https:\/\/ivetagr.org\/touriboost\/wp-json\/wp\/v2\/media?parent=315"}],"curies":[{"name":"wp","href":"https:\/\/api.w.org\/{rel}","templated":true}]}}